{"id":1513,"date":"2019-02-17T17:43:16","date_gmt":"2019-02-17T16:43:16","guid":{"rendered":"https:\/\/www.telebreuleux.ch\/?page_id=1513"},"modified":"2020-12-13T15:25:39","modified_gmt":"2020-12-13T14:25:39","slug":"galerie-photos","status":"publish","type":"page","link":"https:\/\/telebreuleux.ch\/?page_id=1513","title":{"rendered":"Galerie Photos"},"content":{"rendered":"\t\t<div data-elementor-type=\"wp-post\" data-elementor-id=\"1513\" class=\"elementor elementor-1513\">\n\t\t\t\t\t\t<section class=\"elementor-section elementor-top-section elementor-element elementor-element-8e4f2e5 elementor-section-boxed elementor-section-height-default elementor-section-height-default\" data-id=\"8e4f2e5\" data-element_type=\"section\" data-e-type=\"section\">\n\t\t\t\t\t\t<div class=\"elementor-container elementor-column-gap-default\">\n\t\t\t\t\t<div class=\"elementor-column elementor-col-100 elementor-top-column elementor-element elementor-element-8d3b803\" data-id=\"8d3b803\" data-element_type=\"column\" data-e-type=\"column\">\n\t\t\t<div class=\"elementor-widget-wrap elementor-element-populated\">\n\t\t\t\t\t\t<div class=\"elementor-element elementor-element-2ec7397 elementor-widget elementor-widget-heading\" data-id=\"2ec7397\" data-element_type=\"widget\" data-e-type=\"widget\" data-widget_type=\"heading.default\">\n\t\t\t\t<div class=\"elementor-widget-container\">\n\t\t\t\t\t<h2 class=\"elementor-heading-title elementor-size-default\">Baby-Lift, T\u00e9l\u00e9bob le 13 d\u00e9cembre 2020<\/h2>\t\t\t\t<\/div>\n\t\t\t\t<\/div>\n\t\t\t\t<div class=\"elementor-element elementor-element-7f844ea elementor-widget elementor-widget-wp-widget-metaslider_widget\" data-id=\"7f844ea\" data-element_type=\"widget\" data-e-type=\"widget\" data-widget_type=\"wp-widget-metaslider_widget.default\">\n\t\t\t\t<div class=\"elementor-widget-container\">\n\t\t\t\t\t<div id=\"metaslider-id-2118\" style=\"max-width: 800px;\" class=\"ml-slider-3-108-0 metaslider metaslider-flex metaslider-2118 ml-slider has-dots-nav ms-theme-default\" role=\"region\" aria-label=\"20201213\" data-height=\"600\" data-width=\"800\">\n    <div id=\"metaslider_container_2118\">\n        <div id=\"metaslider_2118\">\n            <ul class='slides'>\n                <li style=\"display: block; width: 100%;\" class=\"slide-2119 ms-image \" aria-roledescription=\"slide\" data-date=\"2020-12-13 15:24:57\" data-filename=\"20201213-800x600.png\" data-slide-type=\"image\"><img fetchpriority=\"high\" decoding=\"async\" src=\"https:\/\/telebreuleux.ch\/wp-content\/uploads\/2020\/12\/20201213-800x600.png\" height=\"600\" width=\"800\" alt=\"\" class=\"slider-2118 slide-2119 msDefaultImage\" title=\"20201213\" \/><\/li>\n            <\/ul>\n        <\/div>\n        \n    <\/div>\n<\/div>\t\t\t\t<\/div>\n\t\t\t\t<\/div>\n\t\t\t\t\t<\/div>\n\t\t<\/div>\n\t\t\t\t\t<\/div>\n\t\t<\/section>\n\t\t\t\t<section class=\"elementor-section elementor-top-section elementor-element elementor-element-c0c0d5c elementor-section-boxed elementor-section-height-default elementor-section-height-default\" data-id=\"c0c0d5c\" data-element_type=\"section\" data-e-type=\"section\">\n\t\t\t\t\t\t<div class=\"elementor-container elementor-column-gap-default\">\n\t\t\t\t\t<div class=\"elementor-column elementor-col-100 elementor-top-column elementor-element elementor-element-9a7d9d7\" data-id=\"9a7d9d7\" data-element_type=\"column\" data-e-type=\"column\">\n\t\t\t<div class=\"elementor-widget-wrap elementor-element-populated\">\n\t\t\t\t\t\t<div class=\"elementor-element elementor-element-d01463b elementor-widget elementor-widget-heading\" data-id=\"d01463b\" data-element_type=\"widget\" data-e-type=\"widget\" data-widget_type=\"heading.default\">\n\t\t\t\t<div class=\"elementor-widget-container\">\n\t\t\t\t\t<h2 class=\"elementor-heading-title elementor-size-default\">Pleine lune du 16 f\u00e9vrier 2019<\/h2>\t\t\t\t<\/div>\n\t\t\t\t<\/div>\n\t\t\t\t<div class=\"elementor-element elementor-element-3d55179 elementor-widget elementor-widget-wp-widget-metaslider_widget\" data-id=\"3d55179\" data-element_type=\"widget\" data-e-type=\"widget\" data-widget_type=\"wp-widget-metaslider_widget.default\">\n\t\t\t\t<div class=\"elementor-widget-container\">\n\t\t\t\t\t<div id=\"metaslider-id-1188\" style=\"max-width: 800px;\" class=\"ml-slider-3-108-0 metaslider metaslider-flex metaslider-1188 ml-slider has-dots-nav ms-theme-default\" role=\"region\" aria-label=\"Pleine_lune_20190216\" data-height=\"600\" data-width=\"800\">\n    <div id=\"metaslider_container_1188\">\n        <div id=\"metaslider_1188\">\n            <ul class='slides'>\n                <li style=\"display: block; width: 100%;\" class=\"slide-1518 ms-image \" aria-roledescription=\"slide\" data-date=\"2019-02-17 17:49:57\" data-filename=\"IMG_8094_h-1-800x600.jpg\" data-slide-type=\"image\"><img decoding=\"async\" src=\"https:\/\/telebreuleux.ch\/wp-content\/uploads\/2019\/02\/IMG_8094_h-1-800x600.jpg\" height=\"600\" width=\"800\" alt=\"\" class=\"slider-1188 slide-1518 msDefaultImage\" title=\"IMG_8094_h\" \/><\/li>\n                <li style=\"display: none; width: 100%;\" class=\"slide-1519 ms-image \" aria-roledescription=\"slide\" data-date=\"2019-02-17 17:49:57\" data-filename=\"IMG_8093_h-1-800x600.jpg\" data-slide-type=\"image\"><img decoding=\"async\" src=\"https:\/\/telebreuleux.ch\/wp-content\/uploads\/2019\/02\/IMG_8093_h-1-800x600.jpg\" height=\"600\" width=\"800\" alt=\"\" class=\"slider-1188 slide-1519 msDefaultImage\" title=\"IMG_8093_h\" \/><\/li>\n                <li style=\"display: none; width: 100%;\" class=\"slide-1520 ms-image \" aria-roledescription=\"slide\" data-date=\"2019-02-17 17:49:57\" data-filename=\"IMG_8094_h-800x600.jpg\" data-slide-type=\"image\"><img loading=\"lazy\" decoding=\"async\" src=\"https:\/\/telebreuleux.ch\/wp-content\/uploads\/2019\/02\/IMG_8094_h-800x600.jpg\" height=\"600\" width=\"800\" alt=\"\" class=\"slider-1188 slide-1520 msDefaultImage\" title=\"IMG_8094_h\" \/><\/li>\n                <li style=\"display: none; width: 100%;\" class=\"slide-1524 ms-image \" aria-roledescription=\"slide\" data-date=\"2019-02-17 17:51:19\" data-filename=\"WhatsApp-Image-2019-02-16-at-22.52.32-800x600.jpeg\" data-slide-type=\"image\"><img loading=\"lazy\" decoding=\"async\" src=\"https:\/\/telebreuleux.ch\/wp-content\/uploads\/2019\/02\/WhatsApp-Image-2019-02-16-at-22.52.32-800x600.jpeg\" height=\"600\" width=\"800\" alt=\"\" class=\"slider-1188 slide-1524 msDefaultImage\" title=\"WhatsApp Image 2019-02-16 at 22.52.32\" \/><\/li>\n                <li style=\"display: none; width: 100%;\" class=\"slide-1525 ms-image \" aria-roledescription=\"slide\" data-date=\"2019-02-17 17:51:19\" data-filename=\"WhatsApp-Image-2019-02-16-at-22.52.36-800x600.jpeg\" data-slide-type=\"image\"><img loading=\"lazy\" decoding=\"async\" src=\"https:\/\/telebreuleux.ch\/wp-content\/uploads\/2019\/02\/WhatsApp-Image-2019-02-16-at-22.52.36-800x600.jpeg\" height=\"600\" width=\"800\" alt=\"\" class=\"slider-1188 slide-1525 msDefaultImage\" title=\"WhatsApp Image 2019-02-16 at 22.52.36\" \/><\/li>\n                <li style=\"display: none; width: 100%;\" class=\"slide-1526 ms-image \" aria-roledescription=\"slide\" data-date=\"2019-02-17 17:51:19\" data-filename=\"WhatsApp-Image-2019-02-16-at-22.52.37-800x600.jpeg\" data-slide-type=\"image\"><img loading=\"lazy\" decoding=\"async\" src=\"https:\/\/telebreuleux.ch\/wp-content\/uploads\/2019\/02\/WhatsApp-Image-2019-02-16-at-22.52.37-800x600.jpeg\" height=\"600\" width=\"800\" alt=\"\" class=\"slider-1188 slide-1526 msDefaultImage\" title=\"WhatsApp Image 2019-02-16 at 22.52.37\" \/><\/li>\n            <\/ul>\n        <\/div>\n        \n    <\/div>\n<\/div>\t\t\t\t<\/div>\n\t\t\t\t<\/div>\n\t\t\t\t\t<\/div>\n\t\t<\/div>\n\t\t\t\t\t<\/div>\n\t\t<\/section>\n\t\t\t\t<section class=\"elementor-section elementor-top-section elementor-element elementor-element-b7c8f38 elementor-section-boxed elementor-section-height-default elementor-section-height-default\" data-id=\"b7c8f38\" data-element_type=\"section\" data-e-type=\"section\">\n\t\t\t\t\t\t<div class=\"elementor-container elementor-column-gap-default\">\n\t\t\t\t\t<div class=\"elementor-column elementor-col-100 elementor-top-column elementor-element elementor-element-8e1e44d\" data-id=\"8e1e44d\" data-element_type=\"column\" data-e-type=\"column\">\n\t\t\t<div class=\"elementor-widget-wrap elementor-element-populated\">\n\t\t\t\t\t\t<div class=\"elementor-element elementor-element-5e706ea elementor-widget elementor-widget-heading\" data-id=\"5e706ea\" data-element_type=\"widget\" data-e-type=\"widget\" data-widget_type=\"heading.default\">\n\t\t\t\t<div class=\"elementor-widget-container\">\n\t\t\t\t\t<h2 class=\"elementor-heading-title elementor-size-default\">Pleine lune le 18 janvier 2019<\/h2>\t\t\t\t<\/div>\n\t\t\t\t<\/div>\n\t\t\t\t<div class=\"elementor-element elementor-element-b5d775b elementor-widget elementor-widget-image\" data-id=\"b5d775b\" data-element_type=\"widget\" data-e-type=\"widget\" data-widget_type=\"image.default\">\n\t\t\t\t<div class=\"elementor-widget-container\">\n\t\t\t\t\t\t\t\t\t\t\t\t\t\t\t<img loading=\"lazy\" decoding=\"async\" width=\"750\" height=\"563\" src=\"https:\/\/telebreuleux.ch\/wp-content\/uploads\/2019\/01\/DSC04476-1-1024x768.jpg\" class=\"attachment-large size-large wp-image-1243\" alt=\"\" srcset=\"https:\/\/telebreuleux.ch\/wp-content\/uploads\/2019\/01\/DSC04476-1-1024x768.jpg 1024w, https:\/\/telebreuleux.ch\/wp-content\/uploads\/2019\/01\/DSC04476-1-300x225.jpg 300w, https:\/\/telebreuleux.ch\/wp-content\/uploads\/2019\/01\/DSC04476-1-768x576.jpg 768w, https:\/\/telebreuleux.ch\/wp-content\/uploads\/2019\/01\/DSC04476-1-1200x900.jpg 1200w\" sizes=\"(max-width: 750px) 100vw, 750px\" \/>\t\t\t\t\t\t\t\t\t\t\t\t\t\t\t<\/div>\n\t\t\t\t<\/div>\n\t\t\t\t\t<\/div>\n\t\t<\/div>\n\t\t\t\t\t<\/div>\n\t\t<\/section>\n\t\t\t\t<\/div>\n\t\t","protected":false},"excerpt":{"rendered":"<p>Baby-Lift, T\u00e9l\u00e9bob le 13 d\u00e9cembre 2020 Pleine lune du 16 f\u00e9vrier 2019 Pleine lune le 18 janvier 2019<\/p>\n","protected":false},"author":1,"featured_media":0,"parent":0,"menu_order":0,"comment_status":"closed","ping_status":"closed","template":"","meta":{"footnotes":""},"class_list":["post-1513","page","type-page","status-publish","hentry"],"_links":{"self":[{"href":"https:\/\/telebreuleux.ch\/index.php?rest_route=\/wp\/v2\/pages\/1513","targetHints":{"allow":["GET"]}}],"collection":[{"href":"https:\/\/telebreuleux.ch\/index.php?rest_route=\/wp\/v2\/pages"}],"about":[{"href":"https:\/\/telebreuleux.ch\/index.php?rest_route=\/wp\/v2\/types\/page"}],"author":[{"embeddable":true,"href":"https:\/\/telebreuleux.ch\/index.php?rest_route=\/wp\/v2\/users\/1"}],"replies":[{"embeddable":true,"href":"https:\/\/telebreuleux.ch\/index.php?rest_route=%2Fwp%2Fv2%2Fcomments&post=1513"}],"version-history":[{"count":14,"href":"https:\/\/telebreuleux.ch\/index.php?rest_route=\/wp\/v2\/pages\/1513\/revisions"}],"predecessor-version":[{"id":2122,"href":"https:\/\/telebreuleux.ch\/index.php?rest_route=\/wp\/v2\/pages\/1513\/revisions\/2122"}],"wp:attachment":[{"href":"https:\/\/telebreuleux.ch\/index.php?rest_route=%2Fwp%2Fv2%2Fmedia&parent=1513"}],"curies":[{"name":"wp","href":"https:\/\/api.w.org\/{rel}","templated":true}]}}