{"id":492,"date":"2018-12-23T09:58:22","date_gmt":"2018-12-23T08:58:22","guid":{"rendered":"https:\/\/www.telebreuleux.ch\/?page_id=492"},"modified":"2025-01-09T10:15:24","modified_gmt":"2025-01-09T09:15:24","slug":"offres","status":"publish","type":"page","link":"https:\/\/telebreuleux.ch\/?page_id=492","title":{"rendered":"Offres"},"content":{"rendered":"\t\t<div data-elementor-type=\"wp-page\" data-elementor-id=\"492\" class=\"elementor elementor-492\">\n\t\t\t\t\t\t<section class=\"elementor-section elementor-top-section elementor-element elementor-element-198adaad elementor-section-boxed elementor-section-height-default elementor-section-height-default\" data-id=\"198adaad\" data-element_type=\"section\" data-e-type=\"section\">\n\t\t\t\t\t\t<div class=\"elementor-container elementor-column-gap-default\">\n\t\t\t\t\t<div class=\"elementor-column elementor-col-100 elementor-top-column elementor-element elementor-element-600c0e29\" data-id=\"600c0e29\" data-element_type=\"column\" data-e-type=\"column\">\n\t\t\t<div class=\"elementor-widget-wrap elementor-element-populated\">\n\t\t\t\t\t\t<section class=\"elementor-section elementor-inner-section elementor-element elementor-element-c2ce662 elementor-section-boxed elementor-section-height-default elementor-section-height-default\" data-id=\"c2ce662\" data-element_type=\"section\" data-e-type=\"section\">\n\t\t\t\t\t\t<div class=\"elementor-container elementor-column-gap-default\">\n\t\t\t\t\t<div class=\"elementor-column elementor-col-50 elementor-inner-column elementor-element elementor-element-49b2374\" data-id=\"49b2374\" data-element_type=\"column\" data-e-type=\"column\">\n\t\t\t<div class=\"elementor-widget-wrap elementor-element-populated\">\n\t\t\t\t\t\t<div class=\"elementor-element elementor-element-ec80250 elementor-widget__width-initial elementor-widget elementor-widget-image\" data-id=\"ec80250\" data-element_type=\"widget\" data-e-type=\"widget\" data-widget_type=\"image.default\">\n\t\t\t\t<div class=\"elementor-widget-container\">\n\t\t\t\t\t\t\t\t\t\t\t\t\t\t\t<img fetchpriority=\"high\" decoding=\"async\" width=\"750\" height=\"637\" src=\"https:\/\/telebreuleux.ch\/wp-content\/uploads\/2025\/01\/Abo_2024_2p2-1024x870.jpg\" class=\"attachment-large size-large wp-image-3556\" alt=\"\" srcset=\"https:\/\/telebreuleux.ch\/wp-content\/uploads\/2025\/01\/Abo_2024_2p2-1024x870.jpg 1024w, https:\/\/telebreuleux.ch\/wp-content\/uploads\/2025\/01\/Abo_2024_2p2-300x255.jpg 300w, https:\/\/telebreuleux.ch\/wp-content\/uploads\/2025\/01\/Abo_2024_2p2-768x652.jpg 768w, https:\/\/telebreuleux.ch\/wp-content\/uploads\/2025\/01\/Abo_2024_2p2-1536x1304.jpg 1536w, https:\/\/telebreuleux.ch\/wp-content\/uploads\/2025\/01\/Abo_2024_2p2-2048x1739.jpg 2048w, https:\/\/telebreuleux.ch\/wp-content\/uploads\/2025\/01\/Abo_2024_2p2-1200x1019.jpg 1200w\" sizes=\"(max-width: 750px) 100vw, 750px\" \/>\t\t\t\t\t\t\t\t\t\t\t\t\t\t\t<\/div>\n\t\t\t\t<\/div>\n\t\t\t\t\t<\/div>\n\t\t<\/div>\n\t\t\t\t<div class=\"elementor-column elementor-col-50 elementor-inner-column elementor-element elementor-element-f211460\" data-id=\"f211460\" data-element_type=\"column\" data-e-type=\"column\">\n\t\t\t<div class=\"elementor-widget-wrap elementor-element-populated\">\n\t\t\t\t\t\t<div class=\"elementor-element elementor-element-28f8041 elementor-widget__width-initial elementor-widget elementor-widget-image\" data-id=\"28f8041\" data-element_type=\"widget\" data-e-type=\"widget\" data-widget_type=\"image.default\">\n\t\t\t\t<div class=\"elementor-widget-container\">\n\t\t\t\t\t\t\t\t\t\t\t\t\t\t\t<img decoding=\"async\" width=\"750\" height=\"728\" src=\"https:\/\/telebreuleux.ch\/wp-content\/uploads\/2025\/01\/Blanche-Neige-1024x994.jpg\" class=\"attachment-large size-large wp-image-3554\" alt=\"\" srcset=\"https:\/\/telebreuleux.ch\/wp-content\/uploads\/2025\/01\/Blanche-Neige-1024x994.jpg 1024w, https:\/\/telebreuleux.ch\/wp-content\/uploads\/2025\/01\/Blanche-Neige-300x291.jpg 300w, https:\/\/telebreuleux.ch\/wp-content\/uploads\/2025\/01\/Blanche-Neige-768x746.jpg 768w, https:\/\/telebreuleux.ch\/wp-content\/uploads\/2025\/01\/Blanche-Neige-1536x1491.jpg 1536w, https:\/\/telebreuleux.ch\/wp-content\/uploads\/2025\/01\/Blanche-Neige-2048x1988.jpg 2048w, https:\/\/telebreuleux.ch\/wp-content\/uploads\/2025\/01\/Blanche-Neige-1200x1165.jpg 1200w\" sizes=\"(max-width: 750px) 100vw, 750px\" \/>\t\t\t\t\t\t\t\t\t\t\t\t\t\t\t<\/div>\n\t\t\t\t<\/div>\n\t\t\t\t\t<\/div>\n\t\t<\/div>\n\t\t\t\t\t<\/div>\n\t\t<\/section>\n\t\t\t\t<div class=\"elementor-element elementor-element-8c5899c elementor-widget elementor-widget-heading\" data-id=\"8c5899c\" data-element_type=\"widget\" data-e-type=\"widget\" data-widget_type=\"heading.default\">\n\t\t\t\t<div class=\"elementor-widget-container\">\n\t\t\t\t\t<h2 class=\"elementor-heading-title elementor-size-default\">Offre Blanche-Neige<\/h2>\t\t\t\t<\/div>\n\t\t\t\t<\/div>\n\t\t\t\t<div class=\"elementor-element elementor-element-d041f4c elementor-widget elementor-widget-text-editor\" data-id=\"d041f4c\" data-element_type=\"widget\" data-e-type=\"widget\" data-widget_type=\"text-editor.default\">\n\t\t\t\t<div class=\"elementor-widget-container\">\n\t\t\t\t\t\t\t\t\t<p class=\"imAlign_justify\"><span class=\"ff2 fc2 fs11 \">Comme \u00e0 son habitude, nous vous proposons notre formule tr\u00e8s attractive, comprenant :<br \/><\/span><span class=\"ff2 fc2 fs14 fb \"> <br \/>Forfait<\/span><span class=\"ff2 fc2 fs14 \"> : abonnement <\/span><span class=\"ff2 fc2 fs14 fb \">1 jour<\/span><span class=\"ff2 fc2 fs14 \">, \u00e0 <\/span><span class=\"ff2 fc2 fs18 fb \">CHF 10.&#8211;\/pers<\/span><span class=\"ff2 fc2 fs14 fb \"> <br \/><\/span><\/p><p class=\"imAlign_justify\"><span class=\"ff2 fc2 fs11 \"><span class=\"ff2 fc2 fs14 fb \">Forfait<\/span><span class=\"ff2 fc2 fs14 \"> : abonnement <\/span><span class=\"ff2 fc2 fs14 fb \">1\/2 jour<\/span><span class=\"ff2 fc2 fs14 \">, \u00e0 <\/span><span class=\"ff2 fc2 fs18 fb \">CHF 10.&#8211;\/pers<\/span> <\/span><\/p><p class=\"imAlign_justify\"><span class=\"ff2 fc2 fs11 \">Nous disposons toujours de mat\u00e9riel complet et moderne, pouvant \u00eatre lou\u00e9 sur place et ce, \u00e0 tarif tr\u00e8s int\u00e9ressant. Nous pouvons \u00e9quiper une centaine d\u2019\u00e9l\u00e8ves de 4 \u00e0 15 ans, en skis, b\u00e2tons et chaussures (<\/span><span class=\"ff2 fc2 fs11 fb \">plage de tailles 28 \u00e0 43<\/span><span class=\"ff2 fc2 fs11 \">).<\/span><\/p><p>Cette offre sp\u00e9ciale \u00ab<span class=\"ff2 fc2 fs11 fb fi fu \">ECOLES &#8211; Blanche-Neige<\/span><span class=\"ff2 fc2 fs11 \">\u00bb est \u00e0 disposition sur <\/span><span class=\"ff2 fc2 fs11 fb \">r\u00e9servation uniquement<\/span><span class=\"ff2 fc2 fs11 \">, (voir formulaire \u00ab\u00a0Blanche-Neige\u00a0\u00bb ci-dessous) ou par internet <\/span><span class=\"ff2 fc0 fs11 \"> ou par email \u00e0 <\/span><span class=\"ff2 fc3 fs11 fu \">admin@telebreuleux.ch.<\/span><\/p><p class=\"imAlign_justify\"><span class=\"ff2 fc0 fs11 \">Pour tout renseignement veuillez nous contacter via la page de contact Internet ou par t\u00e9l\u00e9phone au t\u00e9l. <\/span><span class=\"ff2 fc0 fs12 fb \">079 837 48 99<\/span><\/p><p>Nous esp\u00e9rons sinc\u00e8rement que cette offre retiendra toute votre attention et nous r\u00e9jouissons d\u2019ores et d\u00e9j\u00e0 de vous accueillir dans notre station.<\/p>\t\t\t\t\t\t\t\t<\/div>\n\t\t\t\t<\/div>\n\t\t\t\t\t<\/div>\n\t\t<\/div>\n\t\t\t\t\t<\/div>\n\t\t<\/section>\n\t\t\t\t<section class=\"elementor-section elementor-top-section elementor-element elementor-element-b48e1a1 elementor-section-boxed elementor-section-height-default elementor-section-height-default\" data-id=\"b48e1a1\" data-element_type=\"section\" data-e-type=\"section\">\n\t\t\t\t\t\t<div class=\"elementor-container elementor-column-gap-default\">\n\t\t\t\t\t<div class=\"elementor-column elementor-col-100 elementor-top-column elementor-element elementor-element-033b64b\" data-id=\"033b64b\" data-element_type=\"column\" data-e-type=\"column\">\n\t\t\t<div class=\"elementor-widget-wrap elementor-element-populated\">\n\t\t\t\t\t\t<section class=\"elementor-section elementor-inner-section elementor-element elementor-element-cb2734e elementor-section-boxed elementor-section-height-default elementor-section-height-default\" data-id=\"cb2734e\" data-element_type=\"section\" data-e-type=\"section\">\n\t\t\t\t\t\t<div class=\"elementor-container elementor-column-gap-default\">\n\t\t\t\t\t<div class=\"elementor-column elementor-col-50 elementor-inner-column elementor-element elementor-element-8bf6336\" data-id=\"8bf6336\" data-element_type=\"column\" data-e-type=\"column\">\n\t\t\t<div class=\"elementor-widget-wrap elementor-element-populated\">\n\t\t\t\t\t\t<div class=\"elementor-element elementor-element-47c1329 elementor-widget elementor-widget-text-editor\" data-id=\"47c1329\" data-element_type=\"widget\" data-e-type=\"widget\" data-widget_type=\"text-editor.default\">\n\t\t\t\t<div class=\"elementor-widget-container\">\n\t\t\t\t\t\t\t\t\t<p><a href=\"https:\/\/telebreuleux.ch\/wp-content\/uploads\/2025\/01\/formulaire_blanche_neige.pdf\"><span style=\"color: #3366ff;\"><span style=\"font-family: arial, helvetica, sans-serif; font-size: 12pt;\">Formulaire Blanche-Neige 2024-2025<\/span><\/span><\/a><\/p>\t\t\t\t\t\t\t\t<\/div>\n\t\t\t\t<\/div>\n\t\t\t\t\t<\/div>\n\t\t<\/div>\n\t\t\t\t<div class=\"elementor-column elementor-col-50 elementor-inner-column elementor-element elementor-element-c174667\" data-id=\"c174667\" data-element_type=\"column\" data-e-type=\"column\">\n\t\t\t<div class=\"elementor-widget-wrap elementor-element-populated\">\n\t\t\t\t\t\t<div class=\"elementor-element elementor-element-48249a6 elementor-align-right elementor-widget elementor-widget-button\" data-id=\"48249a6\" data-element_type=\"widget\" data-e-type=\"widget\" data-widget_type=\"button.default\">\n\t\t\t\t<div class=\"elementor-widget-container\">\n\t\t\t\t\t\t\t\t\t<div class=\"elementor-button-wrapper\">\n\t\t\t\t\t<a class=\"elementor-button elementor-button-link elementor-size-sm\" href=\"https:\/\/telebreuleux.ch\/wp-content\/uploads\/2025\/01\/formulaire_blanche_neige.pdf\" target=\"_blank\">\n\t\t\t\t\t\t<span class=\"elementor-button-content-wrapper\">\n\t\t\t\t\t\t<span class=\"elementor-button-icon\">\n\t\t\t\t<i aria-hidden=\"true\" class=\"fas fa-download\"><\/i>\t\t\t<\/span>\n\t\t\t\t\t\t\t\t\t<span class=\"elementor-button-text\">T\u00e9l\u00e9charger<\/span>\n\t\t\t\t\t<\/span>\n\t\t\t\t\t<\/a>\n\t\t\t\t<\/div>\n\t\t\t\t\t\t\t\t<\/div>\n\t\t\t\t<\/div>\n\t\t\t\t\t<\/div>\n\t\t<\/div>\n\t\t\t\t\t<\/div>\n\t\t<\/section>\n\t\t\t\t\t<\/div>\n\t\t<\/div>\n\t\t\t\t\t<\/div>\n\t\t<\/section>\n\t\t\t\t<\/div>\n\t\t","protected":false},"excerpt":{"rendered":"<p>Offre Blanche-Neige Comme \u00e0 son habitude, nous vous proposons notre formule tr\u00e8s attractive, comprenant : Forfait : abonnement 1 jour, \u00e0 CHF 10.&#8211;\/pers Forfait : abonnement 1\/2 jour, \u00e0 CHF 10.&#8211;\/pers Nous disposons toujours de mat\u00e9riel complet et moderne, pouvant \u00eatre lou\u00e9 sur place et ce, \u00e0 tarif tr\u00e8s int\u00e9ressant.&hellip;<\/p>\n<p class=\"more-link-wrapper\"><a class=\"more-link\" href=\"https:\/\/telebreuleux.ch\/?page_id=492\">Read More<\/a><\/p>\n","protected":false},"author":1,"featured_media":0,"parent":0,"menu_order":0,"comment_status":"closed","ping_status":"closed","template":"","meta":{"footnotes":""},"class_list":["post-492","page","type-page","status-publish","hentry"],"_links":{"self":[{"href":"https:\/\/telebreuleux.ch\/index.php?rest_route=\/wp\/v2\/pages\/492","targetHints":{"allow":["GET"]}}],"collection":[{"href":"https:\/\/telebreuleux.ch\/index.php?rest_route=\/wp\/v2\/pages"}],"about":[{"href":"https:\/\/telebreuleux.ch\/index.php?rest_route=\/wp\/v2\/types\/page"}],"author":[{"embeddable":true,"href":"https:\/\/telebreuleux.ch\/index.php?rest_route=\/wp\/v2\/users\/1"}],"replies":[{"embeddable":true,"href":"https:\/\/telebreuleux.ch\/index.php?rest_route=%2Fwp%2Fv2%2Fcomments&post=492"}],"version-history":[{"count":85,"href":"https:\/\/telebreuleux.ch\/index.php?rest_route=\/wp\/v2\/pages\/492\/revisions"}],"predecessor-version":[{"id":3568,"href":"https:\/\/telebreuleux.ch\/index.php?rest_route=\/wp\/v2\/pages\/492\/revisions\/3568"}],"wp:attachment":[{"href":"https:\/\/telebreuleux.ch\/index.php?rest_route=%2Fwp%2Fv2%2Fmedia&parent=492"}],"curies":[{"name":"wp","href":"https:\/\/api.w.org\/{rel}","templated":true}]}}