{"id":542,"date":"2018-12-23T10:25:53","date_gmt":"2018-12-23T09:25:53","guid":{"rendered":"https:\/\/www.telebreuleux.ch\/?page_id=542"},"modified":"2023-03-01T15:28:39","modified_gmt":"2023-03-01T14:28:39","slug":"restaurant-in-winter","status":"publish","type":"page","link":"https:\/\/telebreuleux.ch\/?page_id=542&lang=de","title":{"rendered":"Restaurant im Winter"},"content":{"rendered":"\t\t<div data-elementor-type=\"wp-post\" data-elementor-id=\"542\" class=\"elementor elementor-542\">\n\t\t\t\t\t\t<section class=\"elementor-section elementor-top-section elementor-element elementor-element-d3c9d48 elementor-section-boxed elementor-section-height-default elementor-section-height-default\" data-id=\"d3c9d48\" data-element_type=\"section\" data-e-type=\"section\">\n\t\t\t\t\t\t<div class=\"elementor-container elementor-column-gap-default\">\n\t\t\t\t\t<div class=\"elementor-column elementor-col-100 elementor-top-column elementor-element elementor-element-25d04f93\" data-id=\"25d04f93\" data-element_type=\"column\" data-e-type=\"column\">\n\t\t\t<div class=\"elementor-widget-wrap elementor-element-populated\">\n\t\t\t\t\t\t<section class=\"elementor-section elementor-inner-section elementor-element elementor-element-9963738 elementor-section-boxed elementor-section-height-default elementor-section-height-default\" data-id=\"9963738\" data-element_type=\"section\" data-e-type=\"section\">\n\t\t\t\t\t\t<div class=\"elementor-container elementor-column-gap-default\">\n\t\t\t\t\t<div class=\"elementor-column elementor-col-50 elementor-inner-column elementor-element elementor-element-026d2a9\" data-id=\"026d2a9\" data-element_type=\"column\" data-e-type=\"column\">\n\t\t\t<div class=\"elementor-widget-wrap elementor-element-populated\">\n\t\t\t\t\t\t<div class=\"elementor-element elementor-element-3768ac5 elementor-widget elementor-widget-text-editor\" data-id=\"3768ac5\" data-element_type=\"widget\" data-e-type=\"widget\" data-widget_type=\"text-editor.default\">\n\t\t\t\t<div class=\"elementor-widget-container\">\n\t\t\t\t\t\t\t\t\t<p><span style=\"color: #0000ff;\">Wir freuen uns auf Ihren Besuch. Es werden zahlreiche Menus f\u00fcr jeden Geschmack zubereitet.<\/span><br \/><span style=\"color: #0000ff;\">Unser spezielles Angebot <a style=\"color: #0000ff;\" href=\"https:\/\/staging.telebreuleux.ch\/?page_id=530&amp;lang=de\">\u00ab\u00a0Blanche Neige\u00a0\u00bb<\/a> wird mit frischen lokalen Produkten zubereitet. Lassen Sie sich von uns \u00fcberraschen. Jederzeit werden Sie bei unser Chef und seinem Team etwas f\u00fcr Ihren Hunger finden. Bis bald.<\/span><\/p><p><span class=\"ff2 fc0 fs12 \" style=\"color: #0000ff;\">F\u00fcr die Sommersaison, schauen Sie\u00a0 \u00ab Restaurant im Sommer \u00bb <\/span><\/p>\t\t\t\t\t\t\t\t<\/div>\n\t\t\t\t<\/div>\n\t\t\t\t\t<\/div>\n\t\t<\/div>\n\t\t\t\t<div class=\"elementor-column elementor-col-50 elementor-inner-column elementor-element elementor-element-a6393fb\" data-id=\"a6393fb\" data-element_type=\"column\" data-e-type=\"column\">\n\t\t\t<div class=\"elementor-widget-wrap elementor-element-populated\">\n\t\t\t\t\t\t<div class=\"elementor-element elementor-element-3b120b4 elementor-widget elementor-widget-image\" data-id=\"3b120b4\" data-element_type=\"widget\" data-e-type=\"widget\" data-widget_type=\"image.default\">\n\t\t\t\t<div class=\"elementor-widget-container\">\n\t\t\t\t\t\t\t\t\t\t\t\t\t\t\t<img fetchpriority=\"high\" decoding=\"async\" width=\"495\" height=\"343\" src=\"https:\/\/telebreuleux.ch\/wp-content\/uploads\/2018\/12\/Photo-cuisine.jpg\" class=\"attachment-large size-large wp-image-823\" alt=\"\" srcset=\"https:\/\/telebreuleux.ch\/wp-content\/uploads\/2018\/12\/Photo-cuisine.jpg 495w, https:\/\/telebreuleux.ch\/wp-content\/uploads\/2018\/12\/Photo-cuisine-300x208.jpg 300w\" sizes=\"(max-width: 495px) 100vw, 495px\" \/>\t\t\t\t\t\t\t\t\t\t\t\t\t\t\t<\/div>\n\t\t\t\t<\/div>\n\t\t\t\t\t<\/div>\n\t\t<\/div>\n\t\t\t\t\t<\/div>\n\t\t<\/section>\n\t\t\t\t\t<\/div>\n\t\t<\/div>\n\t\t\t\t\t<\/div>\n\t\t<\/section>\n\t\t\t\t<\/div>\n\t\t","protected":false},"excerpt":{"rendered":"<p>Wir freuen uns auf Ihren Besuch. Es werden zahlreiche Menus f\u00fcr jeden Geschmack zubereitet. Unser spezielles Angebot \u00ab\u00a0Blanche Neige\u00a0\u00bb wird mit frischen lokalen Produkten zubereitet. Lassen Sie sich von uns \u00fcberraschen. Jederzeit werden Sie bei unser Chef und seinem Team etwas f\u00fcr Ihren Hunger finden. Bis bald. F\u00fcr die Sommersaison,&hellip;<\/p>\n<p class=\"more-link-wrapper\"><a class=\"more-link\" href=\"https:\/\/telebreuleux.ch\/?page_id=542&#038;lang=de\">Read More<\/a><\/p>\n","protected":false},"author":1,"featured_media":0,"parent":0,"menu_order":0,"comment_status":"closed","ping_status":"closed","template":"","meta":{"footnotes":""},"class_list":["post-542","page","type-page","status-publish","hentry"],"_links":{"self":[{"href":"https:\/\/telebreuleux.ch\/index.php?rest_route=\/wp\/v2\/pages\/542","targetHints":{"allow":["GET"]}}],"collection":[{"href":"https:\/\/telebreuleux.ch\/index.php?rest_route=\/wp\/v2\/pages"}],"about":[{"href":"https:\/\/telebreuleux.ch\/index.php?rest_route=\/wp\/v2\/types\/page"}],"author":[{"embeddable":true,"href":"https:\/\/telebreuleux.ch\/index.php?rest_route=\/wp\/v2\/users\/1"}],"replies":[{"embeddable":true,"href":"https:\/\/telebreuleux.ch\/index.php?rest_route=%2Fwp%2Fv2%2Fcomments&post=542"}],"version-history":[{"count":32,"href":"https:\/\/telebreuleux.ch\/index.php?rest_route=\/wp\/v2\/pages\/542\/revisions"}],"predecessor-version":[{"id":2835,"href":"https:\/\/telebreuleux.ch\/index.php?rest_route=\/wp\/v2\/pages\/542\/revisions\/2835"}],"wp:attachment":[{"href":"https:\/\/telebreuleux.ch\/index.php?rest_route=%2Fwp%2Fv2%2Fmedia&parent=542"}],"curies":[{"name":"wp","href":"https:\/\/api.w.org\/{rel}","templated":true}]}}

<div data-elementor-type="wp-post" data-elementor-id="542" class="elementor elementor-542">
						<section class="elementor-section elementor-top-section elementor-element elementor-element-d3c9d48 elementor-section-boxed elementor-section-height-default elementor-section-height-default" data-id="d3c9d48" data-element_type="section" data-e-type="section">
						<div class="elementor-container elementor-column-gap-default">
					<div class="elementor-column elementor-col-100 elementor-top-column elementor-element elementor-element-25d04f93" data-id="25d04f93" data-element_type="column" data-e-type="column">
			<div class="elementor-widget-wrap elementor-element-populated">
						<section class="elementor-section elementor-inner-section elementor-element elementor-element-9963738 elementor-section-boxed elementor-section-height-default elementor-section-height-default" data-id="9963738" data-element_type="section" data-e-type="section">
						<div class="elementor-container elementor-column-gap-default">
					<div class="elementor-column elementor-col-50 elementor-inner-column elementor-element elementor-element-026d2a9" data-id="026d2a9" data-element_type="column" data-e-type="column">
			<div class="elementor-widget-wrap elementor-element-populated">
						<div class="elementor-element elementor-element-3768ac5 elementor-widget elementor-widget-text-editor" data-id="3768ac5" data-element_type="widget" data-e-type="widget" data-widget_type="text-editor.default">
				<div class="elementor-widget-container">
									<p><span style="color: #0000ff;">Wir freuen uns auf Ihren Besuch. Es werden zahlreiche Menus für jeden Geschmack zubereitet.</span><br /><span style="color: #0000ff;">Unser spezielles Angebot <a style="color: #0000ff;" href="https://staging.telebreuleux.ch/?page_id=530&amp;lang=de">« Blanche Neige »</a> wird mit frischen lokalen Produkten zubereitet. Lassen Sie sich von uns überraschen. Jederzeit werden Sie bei unser Chef und seinem Team etwas für Ihren Hunger finden. Bis bald.</span></p><p><span class="ff2 fc0 fs12 " style="color: #0000ff;">Für die Sommersaison, schauen Sie  « Restaurant im Sommer » </span></p>								</div>
				</div>
					</div>
		</div>
				<div class="elementor-column elementor-col-50 elementor-inner-column elementor-element elementor-element-a6393fb" data-id="a6393fb" data-element_type="column" data-e-type="column">
			<div class="elementor-widget-wrap elementor-element-populated">
						<div class="elementor-element elementor-element-3b120b4 elementor-widget elementor-widget-image" data-id="3b120b4" data-element_type="widget" data-e-type="widget" data-widget_type="image.default">
				<div class="elementor-widget-container">
															<img fetchpriority="high" decoding="async" width="495" height="343" src="https://telebreuleux.ch/wp-content/uploads/2018/12/Photo-cuisine.jpg" class="attachment-large size-large wp-image-823" alt="" srcset="https://telebreuleux.ch/wp-content/uploads/2018/12/Photo-cuisine.jpg 495w, https://telebreuleux.ch/wp-content/uploads/2018/12/Photo-cuisine-300x208.jpg 300w" sizes="(max-width: 495px) 100vw, 495px" />															</div>
				</div>
					</div>
		</div>
					</div>
		</section>
					</div>
		</div>
					</div>
		</section>
				</div>

<p>Wir freuen uns auf Ihren Besuch. Es werden zahlreiche Menus für jeden Geschmack zubereitet. Unser spezielles Angebot « Blanche Neige » wird mit frischen lokalen Produkten zubereitet. Lassen Sie sich von uns überraschen. Jederzeit werden Sie bei unser Chef und seinem Team etwas für Ihren Hunger finden. Bis bald. Für die Sommersaison,&hellip;</p>
<p class="more-link-wrapper"><a class="more-link" href="https://telebreuleux.ch/?page_id=542&#038;lang=de">Read More</a></p>
