{"id":787,"date":"2018-12-26T13:44:04","date_gmt":"2018-12-26T12:44:04","guid":{"rendered":"https:\/\/www.telebreuleux.ch\/?page_id=787"},"modified":"2018-12-27T15:12:23","modified_gmt":"2018-12-27T14:12:23","slug":"link","status":"publish","type":"page","link":"https:\/\/telebreuleux.ch\/?page_id=787&lang=de","title":{"rendered":"Link"},"content":{"rendered":"\n<ul class=\"imBullet\">\n<li class=\"imAlign_left\"><span class=\"ff3 fc4 fs10 fb fi \"><a class=\"ImLink\" title=\"\"><span class=\"tlid-translation translation\"><span class=\"\" title=\"\">Offizielle Website<\/span><\/span> Gemeinde Les Breuleux<\/a><\/span><\/li>\n<li class=\"imAlign_left\"><span class=\"ff3 fc4 fs10 fb fi \"><a class=\"ImLink\" title=\"\" href=\"http:\/\/www.franchesmontagnes.ch\/\"><span class=\"tlid-translation translation\"><span class=\"\" title=\"\">Fremdenverkehrsamt<\/span><\/span>des der Freiberge<\/a><\/span><\/li>\n<li class=\"imAlign_left\"><span class=\"ff3 fc4 fs10 fb fi \"><a class=\"ImLink\" title=\"\" href=\"http:\/\/www.juratourisme.ch\/intro.php\">Jura Tourisme<\/a><\/span><\/li>\n<li class=\"imAlign_left\"><span class=\"ff3 fc4 fs10 fb fi \"><a class=\"ImLink\" title=\"\" href=\"http:\/\/www.telegenevez.ch\/index.php\"> T\u00e9l\u00e9ski Les Genevez<\/a><\/span><\/li>\n<li><a href=\"https:\/\/www.teleski-tramelan.ch\">T\u00e9l\u00e9ski Tramelan<\/a><\/li>\n<\/ul>\n","protected":false},"excerpt":{"rendered":"<p>Offizielle Website Gemeinde Les Breuleux Fremdenverkehrsamtdes der Freiberge Jura Tourisme T\u00e9l\u00e9ski Les Genevez T\u00e9l\u00e9ski Tramelan<\/p>\n","protected":false},"author":1,"featured_media":0,"parent":0,"menu_order":0,"comment_status":"closed","ping_status":"closed","template":"","meta":{"footnotes":""},"class_list":["post-787","page","type-page","status-publish","hentry"],"_links":{"self":[{"href":"https:\/\/telebreuleux.ch\/index.php?rest_route=\/wp\/v2\/pages\/787","targetHints":{"allow":["GET"]}}],"collection":[{"href":"https:\/\/telebreuleux.ch\/index.php?rest_route=\/wp\/v2\/pages"}],"about":[{"href":"https:\/\/telebreuleux.ch\/index.php?rest_route=\/wp\/v2\/types\/page"}],"author":[{"embeddable":true,"href":"https:\/\/telebreuleux.ch\/index.php?rest_route=\/wp\/v2\/users\/1"}],"replies":[{"embeddable":true,"href":"https:\/\/telebreuleux.ch\/index.php?rest_route=%2Fwp%2Fv2%2Fcomments&post=787"}],"version-history":[{"count":2,"href":"https:\/\/telebreuleux.ch\/index.php?rest_route=\/wp\/v2\/pages\/787\/revisions"}],"predecessor-version":[{"id":976,"href":"https:\/\/telebreuleux.ch\/index.php?rest_route=\/wp\/v2\/pages\/787\/revisions\/976"}],"wp:attachment":[{"href":"https:\/\/telebreuleux.ch\/index.php?rest_route=%2Fwp%2Fv2%2Fmedia&parent=787"}],"curies":[{"name":"wp","href":"https:\/\/api.w.org\/{rel}","templated":true}]}}