{"id":805,"date":"2018-12-26T14:36:23","date_gmt":"2018-12-26T13:36:23","guid":{"rendered":"https:\/\/www.telebreuleux.ch\/?page_id=805"},"modified":"2018-12-27T14:42:49","modified_gmt":"2018-12-27T13:42:49","slug":"airboard-mietung","status":"publish","type":"page","link":"https:\/\/telebreuleux.ch\/?page_id=805&lang=de","title":{"rendered":"Airboard vermietung"},"content":{"rendered":"\t\t<div data-elementor-type=\"wp-post\" data-elementor-id=\"805\" class=\"elementor elementor-805 elementor-bc-flex-widget\">\n\t\t\t\t\t\t<section class=\"elementor-section elementor-top-section elementor-element elementor-element-5f8582d elementor-section-boxed elementor-section-height-default elementor-section-height-default\" data-id=\"5f8582d\" data-element_type=\"section\" data-e-type=\"section\">\n\t\t\t\t\t\t<div class=\"elementor-container elementor-column-gap-default\">\n\t\t\t\t\t<div class=\"elementor-column elementor-col-100 elementor-top-column elementor-element elementor-element-4b61615\" data-id=\"4b61615\" data-element_type=\"column\" data-e-type=\"column\">\n\t\t\t<div class=\"elementor-widget-wrap elementor-element-populated\">\n\t\t\t\t\t\t<section class=\"elementor-section elementor-inner-section elementor-element elementor-element-5b9ed0c elementor-section-boxed elementor-section-height-default elementor-section-height-default\" data-id=\"5b9ed0c\" data-element_type=\"section\" data-e-type=\"section\">\n\t\t\t\t\t\t<div class=\"elementor-container elementor-column-gap-default\">\n\t\t\t\t\t<div class=\"elementor-column elementor-col-50 elementor-inner-column elementor-element elementor-element-28fbccf\" data-id=\"28fbccf\" data-element_type=\"column\" data-e-type=\"column\">\n\t\t\t<div class=\"elementor-widget-wrap elementor-element-populated\">\n\t\t\t\t\t\t<div class=\"elementor-element elementor-element-67c8f00 elementor-widget elementor-widget-text-editor\" data-id=\"67c8f00\" data-element_type=\"widget\" data-e-type=\"widget\" data-widget_type=\"text-editor.default\">\n\t\t\t\t<div class=\"elementor-widget-container\">\n\t\t\t\t\t\t\t\t\t<p><span style=\"color: #000000;\"><strong><span style=\"font-size: 14pt;\">Airboard \/ Helm \/ <span class=\"tlid-translation translation\"><span class=\"\" title=\"\">Ellbogen protektor<\/span><\/span><br \/><\/span><\/strong><\/span><\/p><table style=\"height: 63px; width: 459px; border-style: solid; border-color: #000000;\"><tbody><tr style=\"height: 21px;\"><td style=\"width: 89.25px; height: 21px;\"><span style=\"color: #000000;\">1 Tag<\/span><\/td><td style=\"width: 242.583px; height: 21px;\">\u00a0<\/td><td style=\"width: 51.1667px; text-align: right; height: 21px;\"><span style=\"color: #000000;\">20.00<\/span><\/td><\/tr><tr style=\"height: 21px;\"><td style=\"width: 89.25px; height: 21px;\"><span style=\"color: #000000;\">1\/2 Tag<\/span><\/td><td style=\"width: 242.583px; height: 21px;\"><span style=\"color: #000000;\">von 09h00 &#8211; 12h30<\/span><\/td><td style=\"width: 51.1667px; text-align: right; height: 21px;\"><span style=\"color: #000000;\">12.00<\/span><\/td><\/tr><tr style=\"height: 21px;\"><td style=\"width: 89.25px; height: 21px;\"><span style=\"color: #000000;\">1\/2 Tag<\/span><\/td><td style=\"width: 242.583px; height: 21px;\"><span style=\"color: #000000;\">von 12h30 &#8211; 16h30<\/span><\/td><td style=\"width: 51.1667px; text-align: right; height: 21px;\"><span style=\"color: #000000;\">12.00<\/span><\/td><\/tr><\/tbody><\/table>\t\t\t\t\t\t\t\t<\/div>\n\t\t\t\t<\/div>\n\t\t\t\t\t<\/div>\n\t\t<\/div>\n\t\t\t\t<div class=\"elementor-column elementor-col-50 elementor-inner-column elementor-element elementor-element-cb6ee0f\" data-id=\"cb6ee0f\" data-element_type=\"column\" data-e-type=\"column\">\n\t\t\t<div class=\"elementor-widget-wrap elementor-element-populated\">\n\t\t\t\t\t\t<div class=\"elementor-element elementor-element-61dd2e5 elementor-widget elementor-widget-text-editor\" data-id=\"61dd2e5\" data-element_type=\"widget\" data-e-type=\"widget\" data-widget_type=\"text-editor.default\">\n\t\t\t\t<div class=\"elementor-widget-container\">\n\t\t\t\t\t\t\t\t\t<p><span style=\"color: #000000;\"><span class=\"tlid-translation translation\"><span class=\"\" title=\"\">Eine Kaution von CHF 50.00 wird bei R\u00fcckgabe der Ausr\u00fcstung in gutem Zustand zur\u00fcckerstattet.<\/span><\/span><\/span><\/p><p><span style=\"color: #ff0000;\">Sind beweligt\u00a0 :<\/span><\/p><ul style=\"list-style-type: disc;\"><li><span style=\"color: #ff0000;\">Junge ab 12 Jahre in Begleitung eines Erwachsenen<\/span><\/li><li><span style=\"color: #ff0000;\">Personnen ab 16 Jahre<\/span><\/li><\/ul><p><span style=\"color: #000000;\">G\u00fcltige Personalausweis oder Pass erforderlich .<\/span><\/p><p><span style=\"color: #ff0000;\">Helm obligatorisch.<\/span><\/p><p><span style=\"color: #ff0000;\"><strong><span class=\"tlid-translation translation\"><span class=\"\" title=\"\">Die Aus\u00fcbung von Airboard ist nur auf der daf\u00fcr vorgesehene Strecke erlaubt.<\/span><\/span><\/strong><\/span><\/p>\t\t\t\t\t\t\t\t<\/div>\n\t\t\t\t<\/div>\n\t\t\t\t\t<\/div>\n\t\t<\/div>\n\t\t\t\t\t<\/div>\n\t\t<\/section>\n\t\t\t\t<div class=\"elementor-element elementor-element-ec471b5 elementor-widget elementor-widget-image\" data-id=\"ec471b5\" data-element_type=\"widget\" data-e-type=\"widget\" data-widget_type=\"image.default\">\n\t\t\t\t<div class=\"elementor-widget-container\">\n\t\t\t\t\t\t\t\t\t\t\t\t\t\t\t<img fetchpriority=\"high\" decoding=\"async\" width=\"600\" height=\"394\" src=\"https:\/\/telebreuleux.ch\/wp-content\/uploads\/2018\/12\/airboard-2.jpg\" class=\"attachment-large size-large wp-image-796\" alt=\"\" srcset=\"https:\/\/telebreuleux.ch\/wp-content\/uploads\/2018\/12\/airboard-2.jpg 600w, https:\/\/telebreuleux.ch\/wp-content\/uploads\/2018\/12\/airboard-2-300x197.jpg 300w\" sizes=\"(max-width: 600px) 100vw, 600px\" \/>\t\t\t\t\t\t\t\t\t\t\t\t\t\t\t<\/div>\n\t\t\t\t<\/div>\n\t\t\t\t\t<\/div>\n\t\t<\/div>\n\t\t\t\t\t<\/div>\n\t\t<\/section>\n\t\t\t\t<\/div>\n\t\t","protected":false},"excerpt":{"rendered":"<p>Airboard \/ Helm \/ Ellbogen protektor 1 Tag \u00a0 20.00 1\/2 Tag von 09h00 &#8211; 12h30 12.00 1\/2 Tag von 12h30 &#8211; 16h30 12.00 Eine Kaution von CHF 50.00 wird bei R\u00fcckgabe der Ausr\u00fcstung in gutem Zustand zur\u00fcckerstattet. Sind beweligt\u00a0 : Junge ab 12 Jahre in Begleitung eines Erwachsenen Personnen&hellip;<\/p>\n<p class=\"more-link-wrapper\"><a class=\"more-link\" href=\"https:\/\/telebreuleux.ch\/?page_id=805&#038;lang=de\">Read More<\/a><\/p>\n","protected":false},"author":1,"featured_media":0,"parent":0,"menu_order":0,"comment_status":"closed","ping_status":"closed","template":"","meta":{"footnotes":""},"class_list":["post-805","page","type-page","status-publish","hentry"],"_links":{"self":[{"href":"https:\/\/telebreuleux.ch\/index.php?rest_route=\/wp\/v2\/pages\/805","targetHints":{"allow":["GET"]}}],"collection":[{"href":"https:\/\/telebreuleux.ch\/index.php?rest_route=\/wp\/v2\/pages"}],"about":[{"href":"https:\/\/telebreuleux.ch\/index.php?rest_route=\/wp\/v2\/types\/page"}],"author":[{"embeddable":true,"href":"https:\/\/telebreuleux.ch\/index.php?rest_route=\/wp\/v2\/users\/1"}],"replies":[{"embeddable":true,"href":"https:\/\/telebreuleux.ch\/index.php?rest_route=%2Fwp%2Fv2%2Fcomments&post=805"}],"version-history":[{"count":7,"href":"https:\/\/telebreuleux.ch\/index.php?rest_route=\/wp\/v2\/pages\/805\/revisions"}],"predecessor-version":[{"id":956,"href":"https:\/\/telebreuleux.ch\/index.php?rest_route=\/wp\/v2\/pages\/805\/revisions\/956"}],"wp:attachment":[{"href":"https:\/\/telebreuleux.ch\/index.php?rest_route=%2Fwp%2Fv2%2Fmedia&parent=805"}],"curies":[{"name":"wp","href":"https:\/\/api.w.org\/{rel}","templated":true}]}}